 + 25. What is s(g)?
-3
Let d(k) be the second derivative of k**5/20 - k**4/3 - k**3/2 - 5*k**2/2 - k. Let s be (1 - 1)/((-2)/(-2)). Suppose s = 2*z - 10. Give d(z).
5
Let z(b) be the second derivative of -b**4/12 + 5*b**3/6 - 3*b**2 - 2*b. Let g be z(5). Let l(q) = q + 8. Calculate l(g).
2
Suppose -2*l + 20 = 3*l. Let v(o) be the third derivative of 0 + 2*o**2 + 0*o + 5/24*o**4 - 1/3*o**3 - 1/60*o**5. Give v(l).
2
Let m(l) be the second derivative of 1/12*l**4 + l**2 + l + 0 - 1/3*l**3. Calculate m(2).
2
Suppose -s = -k - 4*s - 6, -5*s = -k + 2. Let p(m) = m**3 + 4*m**2 + 3*m - 3. Calculate p(k).
-3
Let d(h) be the second derivative of -h**5/20 - 2*h**4/3 - 5*h**2/2 - 22*h. Determine d(-8).
-5
Let l be 41 - (-1)/(-1)*1. Suppose 9*k = 4*k + l. Suppose k*p = 3*p - 5. Let h(g) = -6*g**3 - g**2. Give h(p).
5
Let p(i) be the third derivative of -i**5/60 + 5*i**4/24 - 2*i**3/3 + 11*i**2. Suppose 3*u = -0*u + 15. Calculate p(u).
-4
Suppose -r + 10 = 4*y - 2*y, -5*r + y + 28 = 0. Suppose -r*n - 12 = -4*n. Let o(w) = w + 2. What is o(n)?
-4
Let r(p) = 4*p**2 + p + 1. Let a(o) = -5*o**2 - 2. Let n(d) = -5*a(d) - 6*r(d). What is n(6)?
4
Let t(j) be the first derivative of 2*j - 1/3*j**3 - 1 - 1/2*j**2. Let i(r) = r**3 + 20*r**2 + 36*r - 2. Let g be i(-18). Give t(g).
0
Let t(l) = l + 11. Let d(y) = y + 12. Let k(g) = 6*d(g) - 7*t(g). Suppose r + 0*r = 4*x - 24, 0 = 5*r - 2*x + 30. Give k(r).
-1
Let l(o) = 13*o**3 + 2*o + 1. Suppose 4*x - k + 4 - 2 = 0, -6 = 3*k. Calculate l(x).
-14
Let x(k) be the first derivative of -k**3/3 - k**2 + 4*k + 15. Let m be 1*-2*3/2. Give x(m).
1
Let f(k) = -7*k + 1. Let r(s) = -s + 4. Let j be (-5)/(15/9) - -5. Suppose -z = -0*z - 5*o, j*o + 3 = z. Let n be r(z). What is f(n)?
8
Let l(z) = 0*z**2 - 11*z**3 - 2*z**2 + 1 + 5*z**3 - 2*z + 8*z**3. Let v be ((-6)/(-2))/(9/6). Give l(v).
5
Let n be (-2 - (0 + 0)) + -4. Let p(k) = k**2 + 6*k + 7. Give p(n).
7
Let g = 9 + -6. Suppose -g*f = -2*f - 6. Let x(v) be the second derivative of v**3/6 - 3*v**2/2 - v. Give x(f).
3
Let r(i) be the first derivative of i + 1. Let u(a) = -10 + 31 + 6*a - a + 9. Let l(d) = -30*r(d) + u(d). Determine l(1).
5
Suppose r = -3*r - 20. Let u be 10/(-20) + r/(-2). Let g(w) = -2*w - 5. Let o(a) = 5*a + 9. Let h(z) = -5*g(z) - 3*o(z). Determine h(u).
-12
Let g(j) be the first derivative of -j**4/12 - j**3/2 - 2*j**2 - j - 7. Let i(q) be the first derivative of g(q). What is i(-4)?
-8
Suppose 5*o - 4*x = -0*x - 42, 3*o + x = -15. Let k(i) = -1 + 3*i + 3 + 2 + 5. What is k(o)?
-9
Let z(d) = 5*d**2 + d. Let g be (-1)/((-27)/(-15) - 2). Suppose -2*c = x - 30, -29 = g*x - 3*c - 127. Suppose x = -2*u + 5*f, -2 = -4*u - 4*f + 10. Give z(u).
4
Let j(u) = -5 + 2 - u + 0. Let v(p) = -3*p - 10. Let z be v(-10). Suppose y = -3*y + z. Determine j(y).
-8
Let h(o) = o**3 + 3*o**2 + 2*o + 2. Let v(x) = x**3 - 3*x**2 - 6*x + 2. Let n be v(4). Let g = n - -8. Let c = -5 + g. Determine h(c).
-4
Let r be ((-2)/1)/(-8 + 7). Let h(l) = -3*l - 4. What is h(r)?
-10
Let r(m) = -m - 4. Let l(n) = n + 1. Let g(i) = i + 2. Let t(k) = -4*g(k) + 3*l(k). Let a(b) = -3*r(b) + 2*t(b). What is a(-3)?
-1
Let d(l) = l. Suppose 2*v = -2*v + 12. Determine d(v).
3
Let q be 4/18 - (-240)/(-108). Let d(h) = h**3 + 3*h**2 + 3*h + 1. Calculate d(q).
-1
Let l(b) be the first derivative of b**3/3 + 3*b**2 + b + 32. Give l(-5).
-4
Suppose 2*h + 6 = -2*o - 2*h, 0 = -4*o - 5*h. Let j(b) be the second derivative of -1/6*b**3 - 2*b + 0 - b**2. Calculate j(o).
-7
Let m(r) = -2*r**2 - 33*r + 16. Let b be m(-17). Let j(u) be the first derivative of 4/3*u**3 + u**2 + 1 + u. What is j(b)?
3
Suppose -5*y - 3 = 2. Let i be (-2 - 0/(-2)) + y. Let b(t) = t**2 + 2*t + 4. Give b(i).
7
Let d(l) = -l**3 + 7*l**2 - 9. Let a be d(7). Let t be a/(-3) + (-5 - -2). Let c(h) = 0*h - 3 + 0*h + h. Give c(t).
-3
Let c(i) be the third derivative of -i**5/60 + i**4/3 - 3*i**3/2 - 20*i**2. Let o be (-12)/54 + 56/9. Calculate c(o).
3
Let p(g) = g - 8. Let u(f) = -2*f + 17. Let m(c) = -5*p(c) - 2*u(c). Determine m(6).
0
Let c(n) = -3*n - 4. Let t(d) = 4*d + 5. Let j(x) = 5*c(x) + 4*t(x). Suppose 0 = 4*z + 8 + 12. Calculate j(z).
-5
Let j(i) be the first derivative of 2*i**3/3 - i**2/2 - 2*i + 2. Let d(q) = -q**2 + 2*q - 2. Let y be d(3). Let s = y + 3. Calculate j(s).
8
Suppose -z + 0*z = -9. Let h(j) = -2*j + z*j + 1 - 5*j**2 + 4*j**2 - 6*j. Determine h(-2).
-5
Let i(z) = -4 - 6 - z - z + 6. What is i(-4)?
4
Let g be (-1)/(4 + (-33)/(-9)*-1). Let u(s) = s**3 + 4*s**2 + 2*s - 4. What is u(g)?
-1
Let w(d) = -d**3 + d**2 + 2. Suppose 3*a = 2*a + 5. Suppose a*p = -4*q + 5, -4*p = -3*q - 6 + 2. What is w(q)?
2
Let s(d) = -d**3 - 2*d**2 + 2*d - 4. Let c(a) = a**2 - 3*a + 2. Let l = -11 + 8. Let y be c(l). Suppose -3*x + 2*x - 4*k = 7, -5*k = 5*x + y. Calculate s(x).
-1
Let l(y) = -3*y + 1 - y**3 + y - 2 + 5*y**2. Let v be 2/(-3) - 152/(-12). Suppose 2*t + k + k = 8, 4*t = -2*k + v. Give l(t).
7
Let i(x) be the third derivative of x**5/120 - 5*x**4/24 - x**3/6 + x**2. Let o(f) be the first derivative of i(f). Give o(3).
-2
Let n = 9 - 7. Let y(l) = 2 - l**2 - 1 + 0*l + 0*l**n - l. Give y(0).
1
Let m(n) be the second derivative of 7/6*n**3 - 1/3*n**4 - 1/20*n**5 + 8*n + 5/2*n**2 + 0. Determine m(-5).
-5
Let m(r) = -r**2 - 6*r + 1. Let p(a) = -5*a**2 + 1 - 4 - 3*a - a**3 + 1. Let k be p(-4). Calculate m(k).
1
Let h(i) = i**2 + 6*i + 5. Suppose -4*o = -31 + 7. Suppose n + n - o = 0. Let m be n/15*-4*5. Calculate h(m).
-3
Let u(a) be the third derivative of -a**5/60 - a**4/2 + a**3/2 - 2*a**2 + 20*a. Determine u(-13).
-10
Let s(b) be the first derivative of b**3/3 + 5*b**2 + 8*b + 23. Determine s(-6).
-16
Let f(t) be the first derivative of -t**4/4 - 11*t**3/3 + t**2/2 + 15*t + 58. Give f(-11).
4
Suppose 2*b - 7 = 1. Suppose y = d + b - 6, 0 = -5*d - 4*y + 10. Let c(v) = 3*v - 3 + 1 - 1 + v**d. Determine c(-4).
1
Suppose 4*n - 4 + 24 = 0. Let l(a) = -5*a**3 - 9*a**2 - 1. Let y(s) = -6*s**3 - 10*s**2 - 2. Let q(x) = 5*l(x) - 4*y(x). What is q(n)?
3
Suppose 0 = 2*n - n - 1. Let l(r) be the second derivative of 5*r**4/6 + 6*r - 5. Calculate l(n).
10
Suppose 6*x + 21 = -x. Let n(w) = w**2 + w. Determine n(x).
6
Let o(u) = 5*u + 0*u - 10*u. Let j be o(-1). Let l(n) = n**2 - 5*n + 5. Calculate l(j).
5
Let l = -62 - -58. Let v(y) = -y**2 - 5*y. Determine v(l).
4
Suppose -9 = -m - 3*s, -2*s = -5*m - 7*s + 25. Let b(h) = -m*h - 2*h**2 - 3*h**2 + 2 + 6*h**2. Let a = -7 + 9. Calculate b(a).
0
Suppose x + 2 = 3. Suppose -4 = -4*d, -4*m - d + 0 = -x. Let a(i) be the third derivative of -i**5/60 - 4*i**3/3 + 4*i**2. What is a(m)?
-8
Let y(f) = 1 + 79*f**2 + 2*f + 0*f - 78*f**2. Let v be (6/(-4))/((-3)/(-4)). Let d be (3 - 2)*(-1 + v). Determine y(d).
4
Let u(l) = 7*l - 8. Let w(s) = -s. Let p(c) = u(c) + 6*w(c). Give p(6).
-2
Let l(x) = 4 + 3*x**2 + x**3 + 0*x - x + 2*x. Suppose -c = 27 - 24. Give l(c).
1
Let c(k) = -5*k + 3 - 5*k**3 + 4*k**3 - 6*k**2 - 5. Let x(m) = m**3 + 5*m**2 + 6*m + 3. Let h be x(-4). Determine c(h).
-2
Let n(i) = -2*i**3 - 25*i**2 + 11*i - 26. Let u be n(-13). Let v(s) be the second derivative of 1/12*s**4 - 4*s + u - 4*s**2 - 2/3*s**3. Give v(6).
4
Let j(d) = -d + 7. Let k be j(11). Let w(o) be the first derivative of o**2 + 2*o - 1. Determine w(k).
-6
Let y(g) = g**2 + 10*g**3 - 11*g**3 + 0*g**2 + 2*g. Give y(-2).
8
Let w(v) = -v + 5. Let l be w(3). Let d(t) = 3*t - 2*t + 4 - t**2 + 0*t**l + 4*t. Let u(o) = o**2 - 5*o - 8. Let q be u(7). What is d(q)?
-2
Let d(b) be the third derivative of -b**5/60 - 7*b**4/24 - 7*b**3/6 + 41*b**2. What is d(-5)?
3
Let b(l) = 10*l + 1. Let a be -2 - (-2 - (3 + -2)). Calculate b(a).
11
Let u(v) = 40 - 19 + v + v**2 - 21. Determine u(-1).
0
Let h(g) = -5*g + 5*g + g + 4 + g. What is h(-4)?
-4
Let f(k) = k**3 - 4*k**2 - 6*k + 4. Let q be 0 + -2 + 2 + -2. Let s = q + 7. Determine f(s).
-1
Let c(b) = -b**2 - 14*b - 9. Let l be c(-14). Let i(x) = -x**3 - 8*x**2 + 10*x + 10. Calculate i(l).
1
Let f(z) = -z**3 - 12*z**2 - 20*z - 4. Let j be f(-10). Let k(t) = -t + 1. Determine k(j).
5
Let f be (-2)/(-3) - (-2)/6. Let o(i) be the third derivative of 0 - 1/12*i**4 + 2*i**2 + 1/6*i**3 + 0*i. Determine o(f).
-1
Let v(o) be the first derivative of o**4/4 + o**3/3 + o**2/2 - 2*o + 3. Let a(m) be the fir